{"id":546,"date":"2018-03-28T12:03:03","date_gmt":"2018-03-28T10:03:03","guid":{"rendered":"http:\/\/www.eyfon.at\/?page_id=546"},"modified":"2018-11-30T12:14:24","modified_gmt":"2018-11-30T11:14:24","slug":"eyfon-bringing-life-to-the-region","status":"publish","type":"page","link":"https:\/\/eyfon.at\/en\/eyfon-bringing-life-to-the-region\/","title":{"rendered":"EYFON &#8211; Bringing life to the region"},"content":{"rendered":"<h2 id=\"ausgangslage\" style=\"padding-top: 60px;\">EYFON \u2013 Bringing life to the region<\/h2>\n<p style=\"padding-left: 30px;\">Europa ist in einer Phase der Ver\u00e4nderung und muss sich in einer Welt mit wandelnden Rahmenbedingungen und zahlreichen Herausforderungen neu positionieren. Jungen Menschen kommt dabei eine besondere Bedeutung zu, geht es doch um ihre Zukunft, ihre Lebensvorstellungen und ihre Erwartungen. M\u00f6glichkeiten und Chancen von Digitalisierung, Internationalisierung und Migration zu n\u00fctzen, Risiken und Gefahren zu erkennen und abzuwenden muss das Ziel sein, f\u00fcr dessen Erf\u00fcllung ein geeintes Europa von besonderer Bedeutung ist.<\/p>\n<p style=\"padding-left: 30px;\">Die Burg Forchtenstein ist unter der bisherigen Leitung der Europ\u00e4ische F\u00f6deralistische Bewegung (EFB) als internationale Begegnungsst\u00e4tte im Sinne des europ\u00e4ischen Einigungsgedankens bekannt.<\/p>\n<p style=\"padding-left: 30px;\">Im M\u00e4rz 2018 wurde die Burg Forchtenstein in die gemeinn\u00fctzige Stiftung EYFON eingebracht, die als Erhalter des Hauses Mittel f\u00fcr notwendige Bauvorhaben und Sanierungen zur Verf\u00fcgung stellen wird.<\/p>\n<p style=\"padding-left: 30px;\"><img loading=\"lazy\" decoding=\"async\" class=\"alignnone size-full wp-image-551\" src=\"http:\/\/www.eyfon.at\/wp-content\/uploads\/2018\/03\/Schluesseluebergabe_1600x850.jpg\" alt=\"\" width=\"1600\" height=\"850\" srcset=\"https:\/\/eyfon.at\/en\/wp-content\/uploads\/sites\/2\/2018\/03\/Schluesseluebergabe_1600x850.jpg 1600w, https:\/\/eyfon.at\/en\/wp-content\/uploads\/sites\/2\/2018\/03\/Schluesseluebergabe_1600x850-300x159.jpg 300w, https:\/\/eyfon.at\/en\/wp-content\/uploads\/sites\/2\/2018\/03\/Schluesseluebergabe_1600x850-768x408.jpg 768w, https:\/\/eyfon.at\/en\/wp-content\/uploads\/sites\/2\/2018\/03\/Schluesseluebergabe_1600x850-1024x544.jpg 1024w\" sizes=\"auto, (max-width: 1600px) 100vw, 1600px\" \/><\/p>\n<p style=\"padding-left: 30px;\">Der Verein \u201eEuropean Youth FOrum Neumarkt\u201c (EYFON) tr\u00e4gt die operative Betreuung f\u00fcr das Begegnungs- und Dialogzentrum mit einem Bildungsauftrag f\u00fcr europ\u00e4ische Jugendliche und gestaltet, organisiert und veranstaltet unterschiedlichste Foren f\u00fcr etwa 1000 junge Menschen pro Jahr in dem Zeitraum Mai bis Oktober.<\/p>\n<p style=\"padding-left: 30px;\">Junge Europ\u00e4er und Europ\u00e4erinnen werden mit den europ\u00e4ischen Ideen und Werten vertraut gemacht, Europa im Dialog erleben, neue europ\u00e4ische Perspektiven entwickeln und austauschen sowie zum Engagement f\u00fcr Europa, vor allem auch in ihren nationalen Herkunftsl\u00e4ndern, motiviert werden. Dies nicht nur durch ein ausgew\u00e4hltes Fachprogramm sondern auch durch ein touristisches, regionales Begleitprogramm in einer besonderen steirischen Kulturlandschaft mit vielen Attraktionen<\/p>\n<p style=\"padding-left: 30px;\">Neben diesen JugendTagen sind auch Veranstaltungen f\u00fcr und in der Region geplant, die Europa zum Thema haben und Wirtschaftstreibende, Tourismus und die B\u00fcrger und B\u00fcrgerinnen der Region als Zielpublikum ansprechen m\u00f6chten.<br \/>\nMit der Marktgemeinde Neumarkt, dem Land Steiermark, aber auch den europ\u00e4ischen Institutionen und Sponsoren aus der Wirtschaft kann EYFON auf starke Partner z\u00e4hlen um das Projekt erfolgreich umzusetzen.<\/p>\n<p style=\"padding-left: 30px;\"><strong>Dadurch wird ein nicht zu untersch\u00e4tzender Impuls gesetzt, der die Region als Bildungs- wie auch Freizeit Hot Spot europaweit positionieren wird.<\/strong><\/p>\n","protected":false},"excerpt":{"rendered":"<p>EYFON \u2013 Bringing life to the region Europa ist in einer Phase der Ver\u00e4nderung und muss sich in einer Welt mit wandelnden Rahmenbedingungen und zahlreichen Herausforderungen neu positionieren. Jungen Menschen kommt dabei eine besondere Bedeutung zu, geht es doch um&#8230;<\/p>\n","protected":false},"author":1,"featured_media":711,"parent":0,"menu_order":0,"comment_status":"closed","ping_status":"closed","template":"","meta":{"_EventAllDay":false,"_EventTimezone":"","_EventStartDate":"","_EventEndDate":"","_EventStartDateUTC":"","_EventEndDateUTC":"","_EventShowMap":false,"_EventShowMapLink":false,"_EventURL":"","_EventCost":"","_EventCostDescription":"","_EventCurrencySymbol":"","_EventCurrencyCode":"","_EventCurrencyPosition":"","_EventDateTimeSeparator":"","_EventTimeRangeSeparator":"","_EventOrganizerID":[],"_EventVenueID":[],"_OrganizerEmail":"","_OrganizerPhone":"","_OrganizerWebsite":"","_VenueAddress":"","_VenueCity":"","_VenueCountry":"","_VenueProvince":"","_VenueState":"","_VenueZip":"","_VenuePhone":"","_VenueURL":"","_VenueStateProvince":"","_VenueLat":"","_VenueLng":"","_VenueShowMap":false,"_VenueShowMapLink":false,"footnotes":""},"class_list":["post-546","page","type-page","status-publish","has-post-thumbnail","hentry"],"_links":{"self":[{"href":"https:\/\/eyfon.at\/en\/wp-json\/wp\/v2\/pages\/546","targetHints":{"allow":["GET"]}}],"collection":[{"href":"https:\/\/eyfon.at\/en\/wp-json\/wp\/v2\/pages"}],"about":[{"href":"https:\/\/eyfon.at\/en\/wp-json\/wp\/v2\/types\/page"}],"author":[{"embeddable":true,"href":"https:\/\/eyfon.at\/en\/wp-json\/wp\/v2\/users\/1"}],"replies":[{"embeddable":true,"href":"https:\/\/eyfon.at\/en\/wp-json\/wp\/v2\/comments?post=546"}],"version-history":[{"count":10,"href":"https:\/\/eyfon.at\/en\/wp-json\/wp\/v2\/pages\/546\/revisions"}],"predecessor-version":[{"id":1197,"href":"https:\/\/eyfon.at\/en\/wp-json\/wp\/v2\/pages\/546\/revisions\/1197"}],"wp:featuredmedia":[{"embeddable":true,"href":"https:\/\/eyfon.at\/en\/wp-json\/wp\/v2\/media\/711"}],"wp:attachment":[{"href":"https:\/\/eyfon.at\/en\/wp-json\/wp\/v2\/media?parent=546"}],"curies":[{"name":"wp","href":"https:\/\/api.w.org\/{rel}","templated":true}]}}

<h2 id="ausgangslage" style="padding-top: 60px;">EYFON – Bringing life to the region</h2>
<p style="padding-left: 30px;">Europa ist in einer Phase der Veränderung und muss sich in einer Welt mit wandelnden Rahmenbedingungen und zahlreichen Herausforderungen neu positionieren. Jungen Menschen kommt dabei eine besondere Bedeutung zu, geht es doch um ihre Zukunft, ihre Lebensvorstellungen und ihre Erwartungen. Möglichkeiten und Chancen von Digitalisierung, Internationalisierung und Migration zu nützen, Risiken und Gefahren zu erkennen und abzuwenden muss das Ziel sein, für dessen Erfüllung ein geeintes Europa von besonderer Bedeutung ist.</p>
<p style="padding-left: 30px;">Die Burg Forchtenstein ist unter der bisherigen Leitung der Europäische Föderalistische Bewegung (EFB) als internationale Begegnungsstätte im Sinne des europäischen Einigungsgedankens bekannt.</p>
<p style="padding-left: 30px;">Im März 2018 wurde die Burg Forchtenstein in die gemeinnützige Stiftung EYFON eingebracht, die als Erhalter des Hauses Mittel für notwendige Bauvorhaben und Sanierungen zur Verfügung stellen wird.</p>
<p style="padding-left: 30px;"><img loading="lazy" decoding="async" class="alignnone size-full wp-image-551" src="http://www.eyfon.at/wp-content/uploads/2018/03/Schluesseluebergabe_1600x850.jpg" alt="" width="1600" height="850" srcset="https://eyfon.at/en/wp-content/uploads/sites/2/2018/03/Schluesseluebergabe_1600x850.jpg 1600w, https://eyfon.at/en/wp-content/uploads/sites/2/2018/03/Schluesseluebergabe_1600x850-300x159.jpg 300w, https://eyfon.at/en/wp-content/uploads/sites/2/2018/03/Schluesseluebergabe_1600x850-768x408.jpg 768w, https://eyfon.at/en/wp-content/uploads/sites/2/2018/03/Schluesseluebergabe_1600x850-1024x544.jpg 1024w" sizes="auto, (max-width: 1600px) 100vw, 1600px" /></p>
<p style="padding-left: 30px;">Der Verein „European Youth FOrum Neumarkt“ (EYFON) trägt die operative Betreuung für das Begegnungs- und Dialogzentrum mit einem Bildungsauftrag für europäische Jugendliche und gestaltet, organisiert und veranstaltet unterschiedlichste Foren für etwa 1000 junge Menschen pro Jahr in dem Zeitraum Mai bis Oktober.</p>
<p style="padding-left: 30px;">Junge Europäer und Europäerinnen werden mit den europäischen Ideen und Werten vertraut gemacht, Europa im Dialog erleben, neue europäische Perspektiven entwickeln und austauschen sowie zum Engagement für Europa, vor allem auch in ihren nationalen Herkunftsländern, motiviert werden. Dies nicht nur durch ein ausgewähltes Fachprogramm sondern auch durch ein touristisches, regionales Begleitprogramm in einer besonderen steirischen Kulturlandschaft mit vielen Attraktionen</p>
<p style="padding-left: 30px;">Neben diesen JugendTagen sind auch Veranstaltungen für und in der Region geplant, die Europa zum Thema haben und Wirtschaftstreibende, Tourismus und die Bürger und Bürgerinnen der Region als Zielpublikum ansprechen möchten.<br />
Mit der Marktgemeinde Neumarkt, dem Land Steiermark, aber auch den europäischen Institutionen und Sponsoren aus der Wirtschaft kann EYFON auf starke Partner zählen um das Projekt erfolgreich umzusetzen.</p>
<p style="padding-left: 30px;"><strong>Dadurch wird ein nicht zu unterschätzender Impuls gesetzt, der die Region als Bildungs- wie auch Freizeit Hot Spot europaweit positionieren wird.</strong></p>

<p>EYFON – Bringing life to the region Europa ist in einer Phase der Veränderung und muss sich in einer Welt mit wandelnden Rahmenbedingungen und zahlreichen Herausforderungen neu positionieren. Jungen Menschen kommt dabei eine besondere Bedeutung zu, geht es doch um&#8230;</p>
